
What is the hundred thousands digit of 47981700?
9
What is the thousands digit of 686462167?
2
What is the tens digit of 11937054?
5
What is the hundred thousands digit of 55182766?
1
What is the ten thousands digit of 38381131?
8
What is the units digit of 1409989694?
4
What is the billions digit of 1087166945?
1
What is the ten thousands digit of 98153006?
5
What is the ten thousands digit of 7345304?
4
What is the thousands digit of 895096281?
6
What is the hundred thousands digit of 282669493?
6
What is the millions digit of 2092827662?
2
What is the units digit of 705119589?
9
What is the tens digit of 20267334?
3
What is the thousands digit of 108774420?
4
What is the millions digit of 31511999?
1
What is the millions digit of 263912027?
3
What is the hundreds digit of 85692000?
0
What is the hundred millions digit of 550919582?
5
What is the thousands digit of 406545139?
5
What is the ten thousands digit of 2165285600?
8
What is the tens digit of 2798178757?
5
What is the hundreds digit of 48441454?
4
What is the ten millions digit of 45960277?
4
What is the hundred thousands digit of 526511128?
5
What is the hundred thousands digit of 215633149?
6
What is the tens digit of 434605513?
1
What is the tens digit of 124187159?
5
What is the tens digit of 3315008815?
1
What is the hundred thousands digit of 280946199?
9
What is the tens digit of 82741764?
6
What is the hundred thousands digit of 2691175083?
1
What is the hundreds digit of 2258911453?
4
What is the ten millions digit of 160602258?
6
What is the ten millions digit of 131415341?
3
What is the tens digit of 281616184?
8
What is the hundred thousands digit of 5852557201?
5
What is the hundred thousands digit of 195302260?
3
What is the millions digit of 450537063?
0
What is the tens digit of 454581260?
6
What is the hundred millions digit of 3358203223?
3
What is the units digit of 50276472?
2
What is the thousands digit of 54119080?
9
What is the thousands digit of 3228965995?
5
What is the ten thousands digit of 1872575872?
7
What is the ten thousands digit of 18015825?
1
What is the tens digit of 29482990?
9
What is the hundred thousands digit of 418263319?
2
What is the ten millions digit of 163965085?
6
What is the ten millions digit of 45305305?
4
What is the hundred millions digit of 1045860080?
0
What is the hundred thousands digit of 36033376?
0
What is the tens digit of 4484979733?
3
What is the ten millions digit of 35386116?
3
What is the ten thousands digit of 4264055450?
5
What is the ten thousands digit of 124080093?
8
What is the millions digit of 1665552614?
5
What is the hundreds digit of 6757082854?
8
What is the units digit of 231178979?
9
What is the thousands digit of 59410321?
0
What is the tens digit of 668852034?
3
What is the tens digit of 428553612?
1
What is the ten millions digit of 8460145138?
6
What is the millions digit of 202813545?
2
What is the millions digit of 109920636?
9
What is the hundreds digit of 20149926?
9
What is the hundred thousands digit of 4359297567?
2
What is the millions digit of 208552390?
8
What is the units digit of 51295138?
8
What is the ten millions digit of 79909841?
7
What is the thousands digit of 2983792701?
2
What is the hundreds digit of 98869637?
6
What is the thousands digit of 286796697?
6
What is the ten millions digit of 98353633?
9
What is the hundreds digit of 748270154?
1
What is the units digit of 784656500?
0
What is the ten thousands digit of 2625421?
2
What is the millions digit of 77916711?
7
What is the hundreds digit of 84609319?
3
What is the ten millions digit of 609004936?
0
What is the ten millions digit of 72299535?
7
What is the ten millions digit of 69804214?
6
What is the millions digit of 61078291?
1
What is the ten thousands digit of 499347423?
4
What is the billions digit of 5873223523?
5
What is the ten thousands digit of 17459205?
5
What is the units digit of 34058891?
1
What is the millions digit of 50050918?
0
What is the hundred thousands digit of 222284748?
2
What is the hundred thousands digit of 90113202?
1
What is the hundreds digit of 2192382?
3
What is the ten millions digit of 18782997?
1
What is the hundred thousands digit of 23267214?
2
What is the tens digit of 2471383800?
0
What is the millions digit of 1282814538?
2
What is the hundred millions digit of 178049747?
1
What is the thousands digit of 101490790?
0
What is the thousands digit of 6234163?
4
What is the thousands digit of 49855355?
5
What is the ten millions digit of 1028969752?
2
What is the ten thousands digit of 183909702?
0
What is the ten millions digit of 955546631?
5
What is the thousands digit of 366073363?
3
What is the billions digit of 3331043692?
3
What is the ten millions digit of 823731914?
2
What is the millions digit of 16447236?
6
What is the ten millions digit of 331254459?
3
What is the thousands digit of 39001306?
1
What is the ten thousands digit of 3387845028?
4
What is the ten millions digit of 226514298?
2
What is the thousands digit of 4902126?
2
What is the thousands digit of 157273535?
3
What is the hundred thousands digit of 635798673?
7
What is the ten thousands digit of 608356366?
5
What is the thousands digit of 10175633?
5
What is the units digit of 96284096?
6
What is the ten thousands digit of 208444053?
4
What is the hundred thousands digit of 1927744052?
7
What is the hundreds digit of 2310305644?
6
What is the hundred thousands digit of 992540650?
5
What is the units digit of 9761760?
0
What is the millions digit of 5445300081?
5
What is the hundred thousands digit of 92531663?
5
What is the hundred thousands digit of 30465328?
4
What is the thousands digit of 3148839523?
9
What is the millions digit of 710102102?
0
What is the ten thousands digit of 1244377438?
7
What is the hundred thousands digit of 13269273?
2
What is the hundred thousands digit of 439148281?
1
What is the ten millions digit of 93989827?
9
What is the thousands digit of 31617629?
7
What is the hundreds digit of 104681983?
9
What is the thousands digit of 965942945?
2
What is the ten thousands digit of 29188740?
8
What is the millions digit of 78639806?
8
What is the hundred thousands digit of 12691550?
6
What is the units digit of 1418791850?
0
What is the millions digit of 49025007?
9
What is the thousands digit of 121888552?
8
What is the units digit of 8280347184?
4
What is the hundred thousands digit of 153388881?
3
What is the hundred thousands digit of 58071059?
0
What is the thousands digit of 607604584?
4
What is the hundreds digit of 9220577704?
7
What is the thousands digit of 897856738?
6
What is the hundred thousands digit of 20769601?
7
What is the ten millions digit of 236555679?
3
What is the hundreds digit of 193044066?
0
What is the hundred thousands digit of 245275045?
2
What is the ten thousands digit of 143982620?
8
What is the tens digit of 536883696?
9
What is the hundreds digit of 2289731?
7
What is the hundred thousands digit of 120234946?
2
What is the hundred millions digit of 324183450?
3
What is the thousands digit of 2173184675?
4
What is the hundred thousands digit of 62101314?
1
What is the thousands digit of 14737099?
7
What is the ten thousands digit of 184366795?
6
What is the hundreds digit of 116869600?
6
What is the thousands digit of 2854403644?
3
What is the hundred thousands digit of 32297866?
2
What is the thousands digit of 6496103?
6
What is the thousands digit of 407389369?
9
What is the hundreds digit of 45531332?
3
What is the ten millions digit of 73715481?
7
What is the millions digit of 252891607?
2
What is the ten thousands digit of 32752404?
5
What is the tens digit of 101644701?
0
What is the ten thousands digit of 51008313?
0
What is the thousands digit of 356105232?
5
What is the ten millions digit of 1770007174?
7
What is the millions digit of 67887629?
7
What is the thousands digit of 37842674?
2
What is the thousands digit of 317374466?
4
What is the hundreds digit of 4213764795?
7
What is the hundred thousands digit of 991812017?
8
What is the millions digit of 4870966922?
0
What is the thousands digit of 86140435?
0
What is the millions digit of 52138888?
2
What is the ten millions digit of 1333414622?
3
What is the tens digit of 11288552?
5
Wh